t is the units digit of i(s)?
4
Let y = 9 + -4. Suppose 2*g = -4*d + 18, -y*g = -2*d - 6 + 21. What is the units digit of d?
5
Let j be 17/((9/3)/3). Let n = 27 - j. What is the units digit of n?
0
Let l = -76 - -131. Suppose 0 = 3*v + 3*j + j + l, 5*v - 5*j + 115 = 0. Let r = -12 - v. What is the units digit of r?
9
Let f(y) = y - 5. Let b be f(4). Let d = b + 6. What is the units digit of d?
5
Let g = -63 + 35. Let x = g + 52. What is the tens digit of x?
2
Let x be 2/(-1) + 0 + 7. Let n(d) be the first derivative of -d**3/3 + 3*d**2 + 3*d + 2. What is the units digit of n(x)?
8
Let x be (8/(-10))/(2/(-5)). Let b(q) = -x + 0*q - 2*q - 2. What is the units digit of b(-6)?
8
Let a = -8 - -8. Suppose -y - 2*o - 46 = -5*y, y - 3*o + 1 = a. What is the tens digit of y?
1
Let d = -3 - -5. Suppose -b - 4*b = -d*r - 57, 4*b - 72 = -5*r. What is the units digit of b?
3
Suppose -4*g - 2*k + 7 = -3*k, -4*k - 10 = 2*g. What is the units digit of 27/6 - g/2?
4
Let u be 0*(4/6 - 1). Suppose u = -3*m - 2*m, -5*r - 5*m = -80. What is the units digit of r?
6
Suppose -4*k + 2*k + 124 = 0. Let s = -43 + k. What is the tens digit of s?
1
Let q be (-10)/50 - (-6)/5. Let b = 3 - q. What is the units digit of b?
2
Suppose 0 = b + 2 - 1, g + 2*b - 3 = 0. Suppose 2*c = -3*d + 13, -3*c - g = -c - 3*d. What is the units digit of c?
2
Let k(c) = -c - 1. Let b be k(-4). Let j = -6 + b. What is the units digit of (-2 - 15)*j/3?
7
Suppose -2*v = d + d + 8, v + 5*d = 8. Let l = 11 - v. Suppose l - 42 = -3*g. What is the units digit of g?
8
Suppose -7*d - 216 = -k - 6*d, -416 = -2*k - 2*d. What is the hundreds digit of k?
2
Let j(o) = o**3 - 7*o**2 + 10. Let s be j(7). Let h = -6 + s. Suppose 4*z + 0*x - 3*x = h, 4*z + 3*x = 28. What is the units digit of z?
4
Let i be 5*-2 - (-12 + 9). Let c(t) = t**3 + 6*t**2 - 11*t - 9. What is the tens digit of c(i)?
1
Suppose -2*y + 3 - 9 = 0. What is the tens digit of -2 + 3 + 25 + y?
2
Let r(j) = j**3 + 3*j**2 + 5 - 4*j - 4 + 1. Let f be r(2). What is the units digit of 3/1*f/6?
7
Suppose 2*w = 5*s - 179, -2*s - 4*w + 89 = w. What is the units digit of s?
7
Let y = 0 + 6. Suppose -3*w = k + 3 + 1, -4*k = w - y. What is the units digit of k?
2
Let x be (-6)/(-21) + (-12)/(-7). Let w(n) = 4*n**2 + 2*n - 1 - 1 - 3*n**2. What is the units digit of w(x)?
6
Let t = -169 + 520. What is the units digit of t?
1
What is the tens digit of 1/9 + 2440/72?
3
Let o be 4 - 3 - 4 - -19. Suppose -5*b + n = -61, -2*n + o = 2*n. What is the tens digit of b?
1
Let d be ((-4)/8*0)/(-4). Suppose d = -4*t + 192 - 8. What is the tens digit of t?
4
Suppose 3*y + 36 = 3*o, 3*y + 36 = 5*o - 22. Let w = -8 + o. Suppose -4*v + 52 = -2*u - 2*u, -w*u = -5*v + 69. What is the tens digit of v?
1
Let s(m) = 5*m - 11. Let n = 18 - 13. What is the units digit of s(n)?
4
Let k(a) = -a + 5. Let c be k(6). Let v be -1*(-22)/(-1)*c. Suppose 4*r + v = 2*p - 0*r, -2*p + 22 = -2*r. What is the units digit of p?
1
Let j = -61 - -151. What is the tens digit of j?
9
Suppose -p + 0 = 2*b + 8, p + 12 = -3*b. Let l = 6 + -13. Let x = b - l. What is the units digit of x?
3
What is the tens digit of 55/(-2*1/(-2))?
5
Suppose 5*z - 3*g = 0, -g - 17 = z - 5*g. What is the units digit of z?
3
Suppose 4*n - 90 = -18. What is the units digit of n?
8
Let r be 4/(-14) + 9/7. What is the units digit of -4 + r + 26/2?
0
Let r(h) = 3*h**2 - 10*h - 39. What is the units digit of r(10)?
1
Let d be ((-2)/(-4))/(4/16). Let i = d + 8. Suppose j = 3*o + 20, o - 3*o - i = 0. What is the units digit of j?
5
What is the units digit of 766*(-2 + 5 - (-5)/(-2))?
3
What is the tens digit of (-2 - (1 + (-507)/6))*2?
6
Let t be 17/3 - 10/15. Suppose -7 = 3*l + t*i - 44, 13 = -3*l + 5*i. Suppose 3*y + 40 = l*s, -5*s - y = -4*y - 47. What is the units digit of s?
7
Let m = 7 + -4. Let a(b) = b + 1. What is the units digit of a(m)?
4
Let t(z) be the third derivative of -z**6/360 + z**5/15 - z**4/6 - z**3/6 - 3*z**2. Let x(a) be the first derivative of t(a). What is the units digit of x(7)?
3
Let d(w) = w**2 - 11*w - 12. What is the tens digit of d(14)?
3
Let h(i) = i**2 + 4*i - 17. Let y be h(-8). Suppose -a = -2*a + 9. Let r = y - a. What is the units digit of r?
6
What is the units digit of 10 + (-9)/(3/(-1))?
3
Let z = -215 - -304. What is the tens digit of z?
8
Let s = 39 - 8. What is the units digit of s?
1
Let u(o) = o**3 - 2*o**2 + 2. Let t be u(2). Let p = t - -1. Suppose -3*l - 6 = 0, 3*l - 3 - 6 = -p*d. What is the units digit of d?
5
Let x = 36 + -33. What is the units digit of x?
3
Suppose 0*c = -2*c + 126. What is the tens digit of c?
6
Let a(h) be the third derivative of -h**5/60 + 5*h**4/12 - 7*h**3/6 - 2*h**2. What is the units digit of a(8)?
9
Let c(y) = 5*y + 2. Let z(t) = 9*t + 5. Let h(w) = -7*c(w) + 4*z(w). What is the units digit of h(5)?
1
Let j(w) = w**2 + w - 2. Let t be j(5). Suppose z = -2*z + 2*p + t, -5*p = 2*z - 44. What is the units digit of z?
2
Let i(m) = -6*m + 11. What is the units digit of i(-14)?
5
Let a be -2 + (2 - (-2 + -2)). Suppose -v = 2*h + 4, v - 7 = -a*v - h. Suppose v*f + 3*z = 4, -2*f - 3*f - 3*z + 10 = 0. What is the units digit of f?
2
Suppose -2*q + 22 = -5*o, 0*q + 3*q = 5*o + 23. Let k be (-90)/(-21) - o/(-14). Suppose m = 5*a + 14, -m + k*a = -3*m. What is the units digit of m?
4
Suppose -r - 4*z - 116 = -4*r, 3*z = -15. Let g = -19 + r. What is the units digit of g?
3
Let s be 3/(-9)*0*-1. Suppose s = -4*v - 3*l - 3, 43 = 2*v - 4*l + 17. What is the units digit of (-8)/(-3) - 2/v?
2
What is the hundreds digit of (-11)/(-22) - (-247)/2?
1
Suppose 6 = 2*g - 3*y, 0 = 5*g + y - 72 + 23. Let l = -9 + g. Suppose -14 = -2*c - 2*a, -c + 3*a - 13 = -l. What is the units digit of c?
2
Suppose 0 = 2*j - 14 - 6. What is the units digit of 74/j - 4/10?
7
Let s(z) = 7*z**2 + z - 2. What is the units digit of s(2)?
8
Suppose -f + 680 = 3*f. Suppose a = 4*q - 2*a - 246, -3*q - 5*a = -f. Suppose q = 2*i + 2*i. What is the units digit of i?
5
Suppose 3*x + 12 - 39 = 0. What is the units digit of x?
9
Let l = 17 + -20. Let y = l - -10. What is the units digit of y?
7
Suppose -2*t + 2 + 2 = 0. What is the tens digit of 2 - t/3*-33?
2
Let x(f) = 3*f + 18. What is the tens digit of x(10)?
4
Let p(q) = -q**2 + q + 2. Let g be p(0). Suppose g*a + 5*y - 47 = 0, 2*a + y = 6 + 21. Suppose 2*i = a + 1. What is the units digit of i?
6
Let i = 13 + 3. Let f be 8/(-12) + i/6. Let p = 3 - f. What is the units digit of p?
1
Let j = -4 + 5. What is the units digit of j?
1
What is the units digit of 18/(-63) + 23/7?
3
What is the units digit of (-12)/28 + 696/7?
9
Let f(l) = 10*l**2 + 2*l - 2. Let o(m) = 1. Let u = 0 - -1. Let b(h) = u*f(h) + 3*o(h). What is the units digit of b(-1)?
9
Suppose 2*n - 5*c + 3*c = -2, -4*n + c - 16 = 0. Let z(i) = -4*i - 11. What is the units digit of z(n)?
9
Suppose 0 = f + 1, -5*b - 6*f - 54 = -2*f. Let d(g) = 5*g - 5. Let s be d(4). What is the units digit of (4/(-1))/(b/s)?
6
Let z(p) = p**3 - 12*p**2 + 2*p - 8. Let r(w) = -w**2 - 11*w - 12. Let y be r(-8). What is the units digit of z(y)?
6
Suppose 3*v + v - 16 = 0. Suppose -14 = -g - 3*u, 5*u = 4*g + v + 8. What is the units digit of g?
2
Let h(g) = g + 8. Let i be h(-6). Suppose i = -b + 3, 188 = 4*y + 4*b. Suppose k - 19 = -4*m, 2*m = 4*k + 3*m - y. What is the units digit of k?
1
Let o(c) = 2*c - 4. Let f be o(3). Suppose 2*g - 8 - f = 0. What is the units digit of g?
5
Suppose -x + 56 = 2*t + 2*x, -5*t - x = -140. What is the tens digit of t?
2
Suppose -5*l - 25 = 0, 2*r - 5*l - 227 = -0*r. What is the tens digit of r?
0
Let s(b) = b**2 + 8*b - 9. What is the tens digit of s(6)?
7
Let u(y) = -53*y. What is the tens digit of u(-3)?
5
Suppose -4*n - 4*g + 261 = -3*n, 0 = -n - g + 255. What is the units digit of n?
3
Let d be -3 + 2 - (-1 + 0). Let s(n) = n**3 + 4*n**2 - 4*n + 7. Let l be s(-5). Suppose 0 = 5*v + 4*m - 26, v - l*m + 6 = -d*m. What is the units digit of v?
2
Let c(g) = g - 8 + g - 1 - 3*g. Let o be c(-7). What is the tens digit of ((-4)/(-8))/(o/(-56))?
1
What is the tens digit of (62/8)/(7/28)?
3
Suppose -3*d = 3*c, -3 = 3*c + 5*d + 5. Let u = -2 + c. Suppose 0 = -3*t - 9, t - 29 = u*b - 6*b. What is the units digit of b?
8
Suppose -4*u = 2*g - 492, 0 = -5*u - g + 246 + 363. What is